62 + -254 - (2 - (1 + -2)).
5
Calculate (-2 - -62) + -66 + 46 + -11.
29
Calculate -12 - 6 - -12 - -4.
-2
Evaluate -23 - (16 - (36 + -12)).
-15
10 - 32 - (-13 - 6)
-3
(2 - 7) + 0 - (37 + (66 - 116))
8
1 - 17 - -15 - 9
-10
Evaluate 5 + -29 + 22 + (-1 - -1).
-2
Evaluate (13 - 10) + 3 + -11.
-5
-14 + 19 + -17 + 17
5
What is the value of 7 + 1 - (-29 + 22) - 6?
9
Calculate 3 - (1 - -9 - 5) - (-6 - -3).
1
Evaluate -39 - (34 - (-18 - -91)).
0
-26 - (-9 + 3 + (-12 - (11 - 26)))
-23
What is -10 - (-3 - -1 - 10)?
2
What is the value of -21 - (-7 - -1) - (11 - -1)?
-27
-55 + 34 + (15 - 17) + -14
-37
12 - ((6 - 1) + -10 + (-3 - -11))
9
22 + (-22 - (-25 + -8) - (0 - -13))
20
(5 - -2) + -20 + -6 + 25
6
4 - (2 + (-12 - -1))
13
(42 - 37) + 2 + -15
-8
Evaluate 1 + (18 - 12 - 15).
-8
48 + -58 + (-2 - -3 - 0) + 8
-1
Calculate -5 + -207 + 228 + 3 + -1.
18
Calculate -1 + -2 + (-20 - -19) + -13 + 22.
5
What is the value of (86 - 90) + (-10 - (-3 - (0 - 1)))?
-12
What is the value of -4 - (-13 - (0 - (15 + -13)))?
7
Calculate (-24 - (8 + -3)) + 34.
5
What is (9 - (-8 + 4) - 6) + -15?
-8
What is the value of (-17 - 42 - -55) + (-1 - -18) + 0?
13
What is (7 - 5 - -2) + (10 - -19) + -17?
16
Evaluate 127 - 125 - (2 + -13).
13
Calculate (-15 - -1) + -121 + 115 + (0 - -13).
-7
-2 - 7 - -48 - 21
18
4191 + -4192 + 1 + -1 + 9
8
What is -42 + (0 - -6) - (-1 - (5 - -3))?
-27
What is (1 - (10 + 20)) + 26?
-3
What is the value of 3 - (1 + (1 - 5) - 1)?
7
What is 30 - 5 - (0 + 11 - -4)?
10
(-3 - (-16 - -6)) + -18 + -5
-16
15 - (-2 + -17 + 30)
4
Evaluate 6 + (275 - 265) + 0 + -24.
-8
Evaluate (-16 - (-1 + -16)) + 7.
8
What is (11 - (3 + 0 - -11)) + (1 - -26)?
24
What is the value of -6 + (-17 - -10) + -18 - -4?
-27
What is (0 - -2) + 10 - ((0 - -10) + -13)?
15
What is the value of (-8 + -11 - -25) + (1 - -1)?
8
53 + -49 - (3 - (8 - 2))
7
Calculate 13 - (17 + -18 + 0).
14
(-12 - -9) + 2 + (1 - 4)
-4
What is the value of 19 + (20 - (-21 + 10 + 11))?
39
(-4 - -12) + -11 + 13
10
What is (1 - 3 - (-23 - -12)) + (-3 - 3)?
3
15 + (-2 + -11 + 6 - -3)
11
What is the value of (0 - -2) + 2 + (15 - 23) + 3?
-1
-16 - -11 - (0 - 14)
9
What is (-36 - -44) + -2 - (1 - 13)?
18
Calculate (1 + -2 - 0) + -2 - (-1238 + 1234).
1
Calculate -8 + (14 - -8 - -7) + -7 - 2.
12
Evaluate 7 + (-12 - -14) - 23.
-14
(-3 + -13 - -6) + 7
-3
2 + -15 + 15 - 10 - 18
-26
Calculate -1 + -11 + 3 - (4 + -20).
7
Calculate -87 + (47 - 2) + -2 + 13.
-31
What is the value of (-28 - -11) + 6 - (2 + 2)?
-15
What is the value of 6 - -2 - (2 - -18)?
-12
Evaluate 68 - (22 - -16) - 42.
-12
Evaluate 9 + (3 - 7) + (8 - 31).
-18
What is the value of 34 + (-1 - 1) + 6 - (-12 - -20)?
30
What is the value of -6 - (2 - 20 - (-1 - (-9 + 6)))?
14
Calculate (1 - (0 + (3 - 7))) + 3.
8
Evaluate -2 + 3 + (6 - 25).
-18
Calculate 3 + -3 - 9 - 0.
-9
What is the value of -119 + 92 - (-52 + 2)?
23
Evaluate 1 + 6 + (-50 - -55).
12
6 - (-2 + 7 + -9)
10
Evaluate (-55 - -79) + -11 + 0 + 1.
14
13 + (-3 - (15 - (15 - 28)))
-18
What is (-21 - -10) + (5 - -9)?
3
What is (50 + -46 - (3 - 2)) + -1 - 29?
-27
What is -7 + (-3 - -11) + 2 + 3 - 5?
1
What is 23 + 35 + (-61 - -21)?
18
-35 - (-7 - (9 - 7 - 0))
-26
Calculate 19 + (-2 - (23 + 2)).
-8
(484 - 500) + (0 - -12)
-4
What is the value of (-5 - -2 - -11) + -27 + 30?
11
Evaluate 1 + -4 + (4 - (12 + 17)) + 18.
-10
Calculate -28 - (-15 - 3) - -23.
13
Evaluate 5 + 11 + -20 + 15 + 5.
16
What is the value of (5 + -7 - 0) + -1 + 18 + -11?
4
What is the value of (-6 - -7 - -2 - 2) + 4 + -4?
1
Evaluate -8 - -1 - (2 + -19 - -19) - 2.
-11
What is the value of 5 + -39 + 12 + 1 + -1 + -5?
-27
What is the value of 3 - -18 - 30 - 10?
-19
Calculate 2 - (11 + -4 + 6 + -14) - -1.
4
Evaluate -2 - (-9 - 2) - (-1 + (-3 - -9)).
4
Calculate 10 - (0 + (8 - ((4 - 3) + 5))).
8
Evaluate (-10 - -13) + -70 + 47.
-20
What is -26 + 42 + -19 + 6?
3
Calculate 14 - ((-12 - -36) + -12).
2
(2 - (-2 + -6)) + (-10 - 1 - -10)
9
Calculate 15 + 12 + -13 - 14 - (1 - -13).
-14
What is -2 + -3 + 12 + -10 + -3 + 1?
-5
What is the value of -2 - (-3 + 1 + 6) - -17?
11
Calculate -10 + (-10 - -4) + 2 + (3 - 3).
-14
What is 20 - (1 + -15 - -20)?
14
(4 - 5 - -2) + (-22 - -16)
-5
What is the value of -6 + (-3 + (1 - 2) + -1 - -2)?
-9
What is 34 + (4 - 12 - -5) + -7 + 1?
25
Calculate 124 + -123 - ((2 - 3) + 0 - 4).
6
Evaluate 4 - (2 - -4) - -18 - (-67 - -66).
17
What is 6 - -15 - (2 + (-1 + -5 - -15))?
10
Evaluate 120 + -120 + 0 + -9.
-9
What is the value of 1 - -12 - 16 - (-30 - (-3 - 1))?
23
Evaluate -10 + -5 + 8 + (-6 - 0).
-13
What is the value of (10 - 11 - -20) + -7?
12
What is the value of 11 - -4 - (2 + -1 - -8)?
6
Evaluate 16 - (-1 - (-24 + 10)).
3
Calculate -9 + (1 - 13 - (116 - 127)).
-10
What is 4 + -3 + 0 + (10 - 9) + 7?
9
What is 22 + (-26 - 27) + 29?
-2
Calculate (21 - (-5 + 41)) + (5 + -2 - -2).
-10
What is the value of -28 - (-5 + 11 - 20)?
-14
Calculate -25 - ((11 - 81) + 42).
3
Evaluate 3 + 10 + 0 + -9.
4
Evaluate -5 - (-1 + (-51 + 57 - (1 - -3))).
-6
Evaluate -2 + (1 - -3) - (-14 + 2 + 6).
8
What is the value of 17 - ((-1 - (-5 - -11)) + -4 + 14)?
14
What is -6 - -2 - (13 - 13)?
-4
4 + -13 + 1 + (25 + 3 - 0)
20
Calculate 30 - ((7 - 5) + 1 - (3 + -9)).
21
What is the value of -2 + (11 - 7 - -10)?
12
What is the value of -10 + -3 + (18 - 12) + 7?
0
What is the value of -14 - (15 + -13 + -3)?
-13
What is the value of 7 - (-1 + (-1 - 0))?
9
What is the value of 33 + -54 - (-5 + 2 + -1)?
-17
2194 + -2152 + -1 + -15 + 2
28
Evaluate 10 - (-25 + 25 - (-20 - -4)).
-6
Evaluate -12 - (-1 - (18 + -27 - (-17 + 3))).
-6
Evaluate 11 + -15 + -5 + 4 + 8.
3
What is 6 + 2 - 4 - 13 - (-33 + 41)?
-17
Evaluate 17 + -9 + 0 + -34.
-26
What is the value of -4 - (2 + -18 + (53 - 58))?
17
Evaluate -1 - (3 + -2) - 3 - (-94 - -95).
-6
Evaluate -5 + 20 + (-5 + -18 - -12).
4
What is 38 - 5 - (40 - 15)?
8
Evaluate -9 + (14 - -12 - 9).
8
Evaluate -18 - (-22 + 12 + 0).
-8
What is the value of (23 - (33 - 18)) + (4 - 6)?
6
Calculate (25 - (55 + -25)) + 16 + -1 + 1.
11
-11 + 4 + (-2 - 11) + 27
7
What is the value of -20 - (-2 - 2) - -4?
-12
Calculate (-3 - 6) + 3 + -4 + 8 + -2.
-4
What is the value of 6 - (2 - (17 - (1 - (-8 - -4))))?
16
What is 10 + -1 + -11 + 28 - 8?
18
Calculate 7 + 0 + (22 + (-1 - 10) - 5).
13
What is 0 + 19 - (14 + (-14 - -21) + -18)?
16
Calculate -13 + (0 - (-12 - (0 + -2))) + -8.
-11
What is the value of (105 - 101) + 1 + (-7 - 3)?
-5
What is 4 + (12 - (9 - (8 - -2)))?
17
What is -5 + 35 - (131 - 106)?
5
What is the value of -7 - (7 - 27) - 19?
-6
(4 + -1 - (26 - 22)) + 5
4
What is the value of -1 + 1 + 6 + 2 + -4 - -9?
13
Evaluate (-1 - 0) + -3 + 9 + -15 + 0.
-10
Calculate 13 + (-10 - (21 + -14)).
-4
Calculate -13 + (45 - (-5 + 6)).
31
(-11 - -1) + (14 - (-43 + 64))
-17
What is -3 + -4 + 6 + (33 - 8)?
24
Evaluate -2 - 3 - (-16 - (15 - (-12 - -33))).
5
Calculate -91 + 102 - (-1 + -1 - (-10 + 2)).
5
What is (-1 - -8) + (15 - (12 + 4)) - 24?
-18
Evaluate 6 + -15 - (7 - (51 - 2)).
33
(-3 + (19 - 18) - -5) + (-9 - 1)
-7
What is the value of 1 + -17 - (-52 + 43 + (-2 - -11))?
-16
What is the value of -11 - (18 + -23 + -15)?
9
What is the value of (2 - (23 + -29 + (-2 - -2))) + -5?
3
Calculate (0 - -11) + -45 + 46 - (3 + 0).
9
Evaluate 8 - (-3 - 0 - (1 + 0)).
12
What is the value of -27 + -12 + (-21 + 7 - -30)?
-23
-20 + ((-9 - (-2 + -1)) + 6 - -7)
-13
What is the value of -10 + (-5 - 7 - -17)?
-5
What is 11 - (7 - (13 + -8) - -11) - 19?
-21
11 - (18 + (-19 - (14 + -31)))
-5
What is the value of 15 + (6 - (22 + -10))?
9
Calculate (3 + (-2 - -1) - -8) + -6.
4
What is 7 + -1 - (12 + -7) - (13 - 3)?
-9
Evaluate 165 - 168 - (1 - (-2 - 1)).
-7
Evaluate (-3 - -13) + (-16 - (-6 + -7 - -6)).
1
What is the value of (17 - 20) + 6 + -12 + 3 - -2?
-4
Evaluate 20 + -16 + 1 + 0 + -7.
-2
What is the value of (36 - 18) + -2 + -15?
1
What is 4 + (-16 - (75 + -68 - (-4 + 0)))?
-23
What is the value of (11 - (24 - 15)) + 9 + -2?
9
Evaluate -17 - (22 - (-5 - -61)).
17
Evaluate -3 - (-3 + (-4 - (0 + -2 + 36))).
38
Calculate 7 - (-1 - (12 + (-9 - 4))).
7
What is the value of -4 + (-384 - -386 - (-16 - (4 - 2)))?
16
5 + 3 + -2 - 3
3
What is 29 + (3 - 42) - 7?
-17
What is the value of (-9 - -20) + 11 - 14?
8
Evaluate 9 - 22 - 14 - -15.
-12
11 - (64 + -75 - (-6 + 2 + -5))
13
(-1